
Let q(z) = -6*z + 10*z - 13*z - 3. Calculate the remainder when 4/1*(-59)/(-4) is divided by q(-2).
14
Let h be (-4 + (-15)/(-10))*(-6)/5. Suppose 2*w + 5*c = -h*w + 45, 0 = 2*w - 5*c - 39. Calculate the remainder when 22 is divided by w.
10
Let n = 0 - -2. Calculate the remainder when (-4 - -84)/(-2 - -7 - 3) is divided by 3/(-4)*(-56)/n.
19
Let q(y) be the second derivative of -13*y**3/3 + y**2/2 + 3*y. Let d = -7 + 17. Calculate the remainder when q(-1) is divided by d.
7
Suppose 6 = 2*i - 4, i - 2 = u. What is the remainder when u*(-4)/24 + 393/6 is divided by 15?
5
Suppose -1 = 3*z - 4*l - 346, 5*l + 237 = 2*z. Let n(f) = -f**3 - 4*f**2 + 3. Calculate the remainder when z is divided by n(-5).
27
Let r = -604 + 611. Let b = -2 + 4. Calculate the remainder when 12 + ((-3)/(-3) - b) is divided by r.
4
Let l(k) = k**2 - 20*k - 194. Calculate the remainder when 119 is divided by l(28).
29
Let l(f) = -4*f**2 + 83*f + 28. Calculate the remainder when 278 is divided by l(21).
5
Let i(n) = -n**3 + n**2 + n + 20. Suppose -3 = -0*b + 4*b + 3*s, -2*b - 3 = 3*s. What is the remainder when 2*(7/(-70) + 1564/40) is divided by i(b)?
18
Let q be (-1 + -25)/((-14)/7). Let w(c) = c**3 - 13*c**2 + 4*c - 23. Calculate the remainder when w(q) is divided by 8.
5
Suppose -100*c + 93*c = -49. What is the remainder when 249 is divided by c?
4
Suppose 420 = -77*l + 84*l. What is the remainder when l is divided by 17?
9
Let n(s) = s**3 - 13*s**2 - s + 9. Let o be n(13). What is the remainder when 31 is divided by -2 - (-4)/o - -24?
10
Suppose 3*m - 101 + 17 = -3*y, -6 = -2*m. Calculate the remainder when 219 is divided by y.
19
Let z = 30 + -20. Let k be 0 - 1 - 60/(-3). What is the remainder when 0 + k + 1 + -2 is divided by z?
8
Let v(l) = l**3 - 18*l**2 + 19*l - 23. Let d = 22 + -5. What is the remainder when 30 is divided by v(d)?
8
Suppose -r + 2 = -6. Let s = 2167 - 2120. What is the remainder when s is divided by r?
7
Let j = 27 + -126. Let c = j - -103. What is the remainder when 23 is divided by c?
3
Suppose -3*w - 117 = 2*h - 5*h, -5*h + 47 = -w. Let z = 141 + w. Let p = z - 59. What is the remainder when p is divided by 16?
13
Let s(a) = 92*a**3 - a. Let u be s(1). Let d = u + -62. What is the remainder when d is divided by 4?
1
Let t(y) = 2*y + 4. What is the remainder when ((-5)/1 - 71)/(-2) is divided by t(3)?
8
Suppose 7*y + 759 = 40*y. Let w = -11 - -16. Calculate the remainder when y is divided by w.
3
Let c(w) = -24*w + 9. What is the remainder when c(-8) is divided by 2?
1
Let m(v) = 11*v**2 + 2*v - 6. Calculate the remainder when 1/2 - 1002/(-4) is divided by m(2).
41
Calculate the remainder when ((-28)/8 + 3)/(2/(-684)) is divided by 47 + (-23 + 3)/5.
42
What is the remainder when 14 is divided by ((-64)/(-56) - 3)/((-2)/14)?
1
Let h(c) = c**2 + c - 1. Let b(u) = 2*u**2 + 11*u + 9. Let s(m) = b(m) - h(m). Let w = 28 - 10. Calculate the remainder when w is divided by s(-10).
8
Let v be 2*-1*6*4/(-6). Let r = 20 - v. What is the remainder when r is divided by 7?
5
Suppose 4*o = -3*s + 154 + 25, -195 = -5*o + 2*s. Calculate the remainder when o is divided by 22.
19
Let n(l) = 163*l - 5. Let x be n(5). Suppose -2*k - 3*k + 5*z = -x, 2*k = 3*z + 329. Suppose 5*d = -7 + k. Calculate the remainder when d is divided by 11.
8
Suppose -143*r = -131*r - 960. What is the remainder when r is divided by 14?
10
What is the remainder when 29 is divided by (7 - 10) + (11 - 0)?
5
Suppose 11608 = 9*q - 650. What is the remainder when q is divided by 65?
62
Suppose p + 21 = 5*f, -f + 0*p - 2*p = -13. Suppose -2*j - 1 = -f. Calculate the remainder when (j/(-8))/((-2)/184) is divided by 12.
11
Suppose 86 = 5*p + c, 20*p - c - 76 = 16*p. Calculate the remainder when 52 is divided by p.
16
Let a = 89 - 154. Let j = a + 99. What is the remainder when j is divided by 14?
6
Let m = -1842 + 1850. What is the remainder when 9 is divided by m?
1
Let t(r) = 52*r + 2. Suppose 6*p + 138 = 5*c - 2*c, -4*p = 20. What is the remainder when t(2) is divided by c?
34
Let j(l) = l**3 - 9*l**2 + 34*l - 19. Calculate the remainder when 359 is divided by j(7).
117
Let s(g) = -9*g + 2. Let u = -27 - -27. Suppose -5*l + 4*m + 42 = u, -19 + 3 = -2*l + 2*m. Calculate the remainder when s(-3) is divided by l.
9
Let k(n) = 17*n - 220. Calculate the remainder when k(24) is divided by 16.
12
Suppose -6 = -j - k, 0*j + 4*j - 2*k = 0. What is the remainder when 6 + -5 + -2 - (-600)/24 is divided by (-13 + 0)/((-2)/j)?
11
Let f = 8 - 8. Suppose f*l - 40 = -5*w + 4*l, 2*w - 4*l = 28. Suppose -20 - 12 = -w*q. Calculate the remainder when 21 is divided by q.
5
Suppose 2*t + 3*j = 3*t - 267, -3*t + 853 = 4*j. What is the remainder when t is divided by 28?
27
Suppose -2*u - 10 + 2 = 2*h, 5*h + 8 = -2*u. Suppose 3*i + 0*i + 2*a = 43, h = -5*i - 4*a + 73. What is the remainder when 75 is divided by i?
10
Calculate the remainder when (-5 - -91) + (-9)/(-9) is divided by 42.
3
Suppose -y + 22 + 6 = 0. Let w(o) = 18*o. Calculate the remainder when w(3) is divided by y.
26
Suppose -4*v = -2*d + 22, d - v - 6 = 1. Suppose -k + d = 22. Let q = k - -28. What is the remainder when 24 is divided by q?
6
Suppose -1235 = -92*k + 87*k. What is the remainder when k is divided by 50?
47
What is the remainder when (16 - 7) + 24/3 is divided by 10?
7
Let f = 1 + 5. Let g(p) = p**3 - 10*p**2 - 28*p + 38. Let t be g(12). Calculate the remainder when t/15 + 142/f is divided by 12.
11
Let o = 16 + -16. Suppose -f + o*f + 6 = 0. Suppose -3*h = -f, -h - 4*h - 83 = -q. Calculate the remainder when q is divided by 24.
21
Let d = 67 - 48. Suppose 5 - d = -2*o. Calculate the remainder when o is divided by 7.
0
Let z(c) = -17*c + 5. What is the remainder when z(-6) is divided by (67 + 98)*(-2)/(-6)?
52
Suppose -199 + 859 = 10*j. What is the remainder when 1384 is divided by j?
64
Let w(x) = -x**2 - x + 9. Let m(c) = -2*c**2 + 3*c + 1. Let k be m(3). Let z(b) = -b**2 - 10*b - 10. What is the remainder when w(0) is divided by z(k)?
3
Let m = 329 + -284. What is the remainder when 176 is divided by m?
41
Let h(a) = 9 - 4*a + 4*a + a**2 - 9*a. What is the remainder when h(9) is divided by (6/(-9))/(2/(-18))?
3
Let x(y) = 13*y**3 - 3*y**2 - 2. Let v = -6836 - -6849. What is the remainder when x(3) is divided by v?
10
Let q = 832 + -810. Calculate the remainder when 62 is divided by q.
18
Suppose -m = -0*m - 7. Suppose -2*h = -5*s - 41, h = -2*s + 9 + 7. What is the remainder when m is divided by 76/h + 2/(-9)?
3
Suppose 0 = -n + 4*n - 18. Let y(b) = -17*b - 41 + 42*b - 22*b. Calculate the remainder when n is divided by y(15).
2
Let t = -561 + 669. What is the remainder when 122 is divided by t?
14
Let w(z) = -4*z + 5. Let m be w(7). Let b = -14 - m. Let y = 21 - 17. Calculate the remainder when b is divided by y.
1
Calculate the remainder when 83 is divided by 9*(85/25 + (-6)/(-10)).
11
Let z(m) = m**3 - 9*m**2 - 8*m - 12. Let l = -12 - -22. Let x be z(l). Let d = 36 - x. Calculate the remainder when d is divided by 6.
4
Let b = -21 + 23. Suppose 3*z - b = 2*z. Suppose -z*k = 0, -2*l - k - 2*k + 10 = 0. Calculate the remainder when l is divided by 3.
2
Suppose -v + 11 = 2*z + 4*v, 5*z = -5*v + 65. Suppose -3*n + 21 = -g - 74, -126 = -4*n + g. Calculate the remainder when n is divided by z.
13
Calculate the remainder when 92 is divided by ((-27)/(-6) - 5)/((-3)/132).
4
Let i(m) = m + 14. Suppose 2*v + 0*v = 16. Suppose w = -w + v. What is the remainder when i(-4) is divided by w?
2
Suppose -22*s + 13*s + 495 = 0. What is the remainder when 105 is divided by s?
50
Let m(p) = 19*p + 5. Let r be m(2). Suppose 3*b = 2*u - b - 26, 0 = 3*u - 4*b - r. What is the remainder when 50 is divided by u?
16
Let q(l) = -l**3 + 19*l**2 + 48*l - 45. What is the remainder when 809 is divided by q(21)?
80
Suppose 0 = -2*u + 1 + 29. Let z = 166 - 122. What is the remainder when z is divided by u?
14
Suppose 0 = 2*h + 2*h - 124. Suppose -2*g - 115 = 5*j + 3*g, 0 = 5*g - 5. Let t = -16 - j. What is the remainder when h is divided by t?
7
Suppose 3*n - 353 = u, -471 - 132 = -5*n - 2*u. Calculate the remainder when n is divided by 18.
11
Let h = -33 - -53. What is the remainder when (1 + (-5)/(-3) + -2)*117 is divided by h?
18
Let l be 4/26 - 15279/(-143)